 34 is divided by n?
10
Suppose 0 = -n - 3*h - 7, -4*n + 3*h + 4 = 2. Calculate the remainder when 26 is divided by 32/(-2 + 6) + n.
5
Let l = 148 - 79. What is the remainder when l is divided by 24?
21
Let p(d) be the second derivative of -5*d**3/6 - 4*d**2 + 2*d. Suppose -2*k + 25 = 1. What is the remainder when p(-6) is divided by k?
10
Suppose 0 = -3*n + 38 - 11. Let q = 14 - n. Calculate the remainder when 1/(2 + 50/(-26)) is divided by q.
3
Suppose -3*r - 5*z = -23, 1 - 8 = -3*r - z. Let y(a) = 17*a**3. Calculate the remainder when y(r) is divided by 9.
8
Let d(p) = -p**2 + 3*p + 41. What is the remainder when 87 is divided by d(7)?
9
Suppose 8 + 7 = 5*v. Suppose 5*x - 80 = 5*d, 47 = 2*x + v*d - 5. Calculate the remainder when x is divided by (-11 - 0)*(-1 + 0).
9
Let k = 9 - 5. Suppose -g + 95 = k*g. What is the remainder when g is divided by 10?
9
Let g(n) = -n**2 + 10*n + 2. Let u be g(10). Suppose 0 = 3*t - 15, t + 40 = u*v + v. What is the remainder when 44 is divided by v?
14
Suppose c - 6*c + 20 = 0. Calculate the remainder when 13 is divided by c.
1
Suppose 0*b - b + 30 = 0. What is the remainder when (b/(-4))/(4/(-8)) is divided by 9?
6
Let n(b) = -b + 2. Let i be n(0). Let l = i - -1. Let m = 1 + 6. Calculate the remainder when m is divided by l.
1
Let w = -5 - -2. What is the remainder when 3 - (w + 1)*19 is divided by 21?
20
Let a(h) = h**3 + 6*h**2 - 11*h - 17. What is the remainder when 26 is divided by a(-7)?
4
Let b be (-1 - 0) + -3*5. Let f = -12 - b. What is the remainder when f is divided by 1?
0
Let a = 28 - 15. What is the remainder when 24 is divided by a?
11
Suppose 6*y = 5*y + 42. What is the remainder when 124 is divided by y?
40
Let i = 26 - -63. Let l = i - 50. Let p = l - 19. What is the remainder when p is divided by 11?
9
Suppose -4*u - 185 - 91 = -4*z, 57 = z + 5*u. Calculate the remainder when z is divided by 9.
4
Let s = 50 + -15. Calculate the remainder when s is divided by 9.
8
Suppose 4*z = 3*f + 5, z + 3*z - 4*f = 0. Suppose -w - z = -6*w. Calculate the remainder when 28 is divided by 1 - (w - -1 - 11).
8
Let w(n) = 4*n**3 - 4*n**2 - 2*n + 4. Let m be w(3). Suppose m = -6*t + 280. What is the remainder when t is divided by 1/4 - (-70)/8?
8
Suppose 5*k = 16 - 1. Suppose k*y + 0*t = 3*t + 54, 2*y = -3*t + 56. Suppose -5*z = -2*n + 7*n - 40, 0 = 2*n. Calculate the remainder when y is divided by z.
6
Calculate the remainder when -428*(3 - 52/16) is divided by 27.
26
Let a(w) = -4*w**2 + 6*w - 9. Let y(m) = m**2 - m + 1. Let n(v) = a(v) + 5*y(v). Calculate the remainder when n(7) is divided by 14.
10
Suppose -4*d - 5*w + 32 = 9, 2*w - 19 = -3*d. Calculate the remainder when 12 is divided by d.
5
What is the remainder when 49 is divided by (-30)/(-20)*26/3?
10
Let y = 20 + -28. Let k = -1 - y. Calculate the remainder when 19 is divided by k.
5
Suppose -4*n - 3*o + 274 = -6*o, -3*n - 3*o = -195. Calculate the remainder when n is divided by 17.
16
Let a be (2/5)/((-1)/(-10)). Suppose 5 = q - a*z - 6, -8 = -q + z. What is the remainder when 9 + 0/(-1) - -3 is divided by q?
5
Suppose -3*x = -2*x - 205. Suppose -6*j + x = -j. What is the remainder when j is divided by 14?
13
Calculate the remainder when ((-279)/18)/(2/(-4)) is divided by 17.
14
Suppose -8*s + 2*l + 45 = -3*s, -4*s + 5*l = -53. Calculate the remainder when 12 is divided by s.
5
Let d(k) = k**2 - 11*k - 19. Let x = 4 - 6. Let a(g) = 2*g**2 - g - 2. What is the remainder when d(14) is divided by a(x)?
7
Let y(c) = -c**2 + 10*c - 6. Let b = 54 + -12. What is the remainder when b is divided by y(7)?
12
Suppose -3*o = -4*c + 2*o + 13, c + 2*o = 0. Suppose c*l - 34 = -2*u + 12, -3*l = -4*u - 69. Let d = l + -7. What is the remainder when d is divided by 6?
4
Suppose 3*x - x = 6. Suppose x*s - 14 = 4*s. What is the remainder when 10 is divided by (24/10)/(s/(-35))?
4
Suppose -d + 116 = -0*d + 4*g, -5*d = -3*g - 672. Suppose -o + 3*o = d. Calculate the remainder when o is divided by 23.
20
Suppose 13 = -3*z + 46. Let v = 16 - z. Suppose -b = 3*u + 2, 4*u - 3*u = -4*b + 47. What is the remainder when b is divided by v?
3
Let z be 6/10 + 1234/10. Suppose -6*v - z = -8*v. Calculate the remainder when v is divided by 21.
20
Suppose -5*u = -c - 250, -4*u - 2*c + 229 = 3*c. Let q = u - 18. Let x(z) = z**3 + 6*z**2 + 3*z - 3. What is the remainder when q is divided by x(-4)?
16
Let x(y) = y**3 - y + 10. Let b be x(0). Suppose 0 = 4*z - 2 - b, 5*m = -3*z + 194. What is the remainder when m is divided by 8?
5
Let k be -20 + (-2 + -1)/3. Let x = 35 + k. What is the remainder when x is divided by 8?
6
Suppose -4*v + 5*f = 1, -2*f + 33 = 3*v + f. Calculate the remainder when v is divided by 3.
0
Let t be -2*(0 - 1)*2. Suppose -4*k - g + 92 = -t*g, -k + 2*g + 18 = 0. What is the remainder when k is divided by 9?
8
Let x = 80 + -56. Calculate the remainder when 46 is divided by x.
22
Suppose -10*k = -13*k + 75. Calculate the remainder when 99 is divided by k.
24
Let f = -10 + 43. Suppose 3*v - 15 - f = 0. What is the remainder when v is divided by 9?
7
What is the remainder when 104 is divided by 19 + ((-1)/3)/((-4)/24)?
20
Let s(u) = -70*u**3 + 3*u**2 - 3. What is the remainder when s(-1) is divided by 42?
28
Let h = -19 - -34. Calculate the remainder when (-1)/(2 + -1)*-59 is divided by h.
14
Let r = 10 - 14. Let n be ((-2)/r)/(2/4). Suppose -n - 57 = -2*q. What is the remainder when q is divided by 15?
14
Let i = 37 - 18. Calculate the remainder when i is divided by 11.
8
Suppose -4*a + 1236 = 336. Calculate the remainder when a is divided by 12.
9
Let q(a) = -a**3 - 9*a**2 - 17*a + 2. Calculate the remainder when q(-8) is divided by 19.
17
Suppose 3*y + 4*b + 12 = 0, -2*y - 11 = 4*b + 1. Suppose -f - 5*k - 3 = -y*f, -3*f + 4*k = -86. Calculate the remainder when f is divided by 8.
6
Suppose 0 = -s - 2*s + 2*c + 258, -5*s + 455 = 5*c. Let r be -3*(0 - -1)/(-1). What is the remainder when s/3 - 1/r is divided by 15?
14
Let k(t) = t**2 - 4*t - 7. Suppose 0 = 3*y - y - 12. Calculate the remainder when 17 is divided by k(y).
2
Suppose 45 = 5*s - 60. Calculate the remainder when 61 is divided by s.
19
Let x(b) = -2*b**2 + 33*b - 6. What is the remainder when 16 is divided by x(16)?
6
Let z(u) = u**3 - 3*u**2 - 5*u + 7. What is the remainder when z(5) is divided by 9?
5
Suppose 9*u + 192 = 15*u. Let m be 10*6/4 - -1. Let h = -5 + m. What is the remainder when u is divided by h?
10
Suppose -6*c + 319 + 119 = 0. What is the remainder when c is divided by ((-4)/6)/(4/(-114))?
16
Suppose -4*u + 0*u = -260. Calculate the remainder when u is divided by 17.
14
Suppose 5*x = 11 + 4. What is the remainder when 8 is divided by x?
2
Suppose -o - 7*x + 3 = -4*x, 3*o + 4 = 4*x. Let d = 10 + o. Suppose -5*v + 4*v = -19. Calculate the remainder when v is divided by d.
9
Suppose -63*q = -62*q - 19. What is the remainder when 110 is divided by q?
15
Let r = 6 - 11. Let f(g) = 4*g**2 + 6*g - 5. What is the remainder when f(r) is divided by 17?
14
Suppose t = -2*t + 48. What is the remainder when 28 is divided by t?
12
Let k(y) = y - 7*y + y**3 + 1 - 3*y**2 - 8. Suppose 53 = -5*n + 308. Calculate the remainder when n is divided by k(5).
12
Suppose 5*f = -4*o + 12, -f = -2*f. Let b = 2 - -1. Let k = b - -7. Calculate the remainder when k is divided by o.
1
Let m(q) = 3 + 9*q + 4 - q**2 - 1 - 1. Let a be m(7). Let w = 39 - a. Calculate the remainder when 58 is divided by w.
18
Let g = 145 - 84. What is the remainder when g is divided by 21?
19
Suppose c = 5, -c = 3*b - 0*c + 307. Let u = 168 + b. Let w = 9 + 13. What is the remainder when u is divided by w?
20
Let f be (-1 + 0)*0/(-2). What is the remainder when 35 - (-2)/(f + -2) is divided by 12?
10
Suppose 4*a + 3*g = -g + 52, 20 = -5*g. What is the remainder when 49 is divided by a?
15
Let x(j) = -j**2 + 7*j - 4. Let r be x(5). Suppose 4*b = -20, 45 = r*w - w - 4*b. What is the remainder when 2/(-12 - 0) - (-1264)/96 is divided by w?
3
Suppose 0 = -i + 2*l + 4, -3*i - l = l - 36. Let q = i + 12. Calculate the remainder when 41 is divided by q.
19
Suppose 4*l - 4 = 3*l + j, 4*l - 5*j = 14. What is the remainder when ((2 - -23) + -2)*1 is divided by l?
5
Let v = -33 + 56. What is the remainder when v is divided by 3?
2
Let g = 3 + 8. 